8.
2, 3, 5421653
List the prime factors of 778546.
2, 389273
List the prime factors of 1081469.
61, 17729
List the prime factors of 119435.
5, 23887
What are the prime factors of 479244?
2, 3, 39937
What are the prime factors of 5652?
2, 3, 157
What are the prime factors of 213675?
3, 5, 7, 11, 37
List the prime factors of 2654718.
2, 3, 11, 19, 29, 73
List the prime factors of 14786109.
3, 13, 43, 2939
What are the prime factors of 11359521?
3, 46747
List the prime factors of 29395836.
2, 3, 337, 2423
List the prime factors of 308973.
3, 7, 14713
List the prime factors of 11856567.
3, 3952189
List the prime factors of 1931204.
2, 11, 43891
List the prime factors of 5618779.
29, 193751
What are the prime factors of 1651745?
5, 23, 53, 271
List the prime factors of 11398200.
2, 3, 5, 11, 157
List the prime factors of 1354168.
2, 19, 59, 151
List the prime factors of 2613699.
3, 11, 17, 1553
List the prime factors of 2157418.
2, 53, 20353
List the prime factors of 4560830.
2, 5, 29, 15727
What are the prime factors of 19591675?
5, 29, 61, 443
List the prime factors of 13778189.
43, 71, 4513
List the prime factors of 273371.
7, 797
List the prime factors of 24149378.
2, 11, 1097699
What are the prime factors of 12203231?
12203231
What are the prime factors of 197787?
3, 65929
List the prime factors of 1475311.
17, 86783
List the prime factors of 224674.
2, 112337
List the prime factors of 2310042.
2, 3, 7, 55001
List the prime factors of 1654219.
7, 17, 13901
What are the prime factors of 3968150?
2, 5, 19, 4177
List the prime factors of 21140996.
2, 17, 19, 16363
List the prime factors of 779131.
779131
List the prime factors of 17055587.
67, 83, 3067
What are the prime factors of 36451?
36451
List the prime factors of 527732.
2, 131933
What are the prime factors of 42810196?
2, 11, 13, 74843
What are the prime factors of 411320?
2, 5, 7, 13, 113
What are the prime factors of 828834?
2, 3, 138139
What are the prime factors of 191755?
5, 38351
List the prime factors of 17773105.
5, 7, 507803
List the prime factors of 4677395.
5, 23, 89, 457
List the prime factors of 4052609.
11, 71, 5189
What are the prime factors of 26427121?
7, 77047
What are the prime factors of 803219?
73, 11003
List the prime factors of 9478362.
2, 3, 1579727
What are the prime factors of 1219767?
3, 17, 23917
What are the prime factors of 441474?
2, 3, 11, 6689
List the prime factors of 1946648.
2, 11, 2011
List the prime factors of 97739.
43, 2273
What are the prime factors of 3128932?
2, 659, 1187
What are the prime factors of 28379949?
3, 13, 727691
What are the prime factors of 380836?
2, 19, 5011
What are the prime factors of 131559?
3, 43853
List the prime factors of 8416888.
2, 1052111
List the prime factors of 40245.
3, 5, 2683
List the prime factors of 2678662.
2, 7, 73, 2621
What are the prime factors of 302697?
3, 37, 101
List the prime factors of 3160745.
5, 7, 19, 97
List the prime factors of 33250.
2, 5, 7, 19
List the prime factors of 922177.
587, 1571
List the prime factors of 86785.
5, 17, 1021
List the prime factors of 395964.
2, 3, 17, 647
What are the prime factors of 1458328?
2, 17, 10723
What are the prime factors of 1398961?
41, 149, 229
What are the prime factors of 643255?
5, 127, 1013
What are the prime factors of 4568516?
2, 1142129
List the prime factors of 3161424.
2, 3, 7, 97
What are the prime factors of 124688?
2, 7793
What are the prime factors of 2278505?
5, 455701
What are the prime factors of 166494?
2, 3, 27749
List the prime factors of 9436425.
3, 5, 47, 2677
List the prime factors of 424515.
3, 5, 7, 13, 311
What are the prime factors of 248569?
248569
What are the prime factors of 259960?
2, 5, 67, 97
List the prime factors of 22467294.
2, 3, 46229
List the prime factors of 193214.
2, 7, 37, 373
What are the prime factors of 6822231?
3, 13, 174929
What are the prime factors of 210924?
2, 3, 7, 31
List the prime factors of 13338881.
53, 251677
What are the prime factors of 1330482?
2, 3, 221747
What are the prime factors of 201573?
3, 22397
List the prime factors of 113494.
2, 56747
List the prime factors of 3259482.
2, 3, 239, 2273
List the prime factors of 6764350.
2, 5, 59, 2293
List the prime factors of 102347.
7, 14621
What are the prime factors of 294494?
2, 229, 643
What are the prime factors of 846138?
2, 3, 141023
List the prime factors of 11032936.
2, 41, 33637
What are the prime factors of 1087518?
2, 3, 181253
List the prime factors of 154032.
2, 3, 3209
List the prime factors of 13519805.
5, 13, 207997
What are the prime factors of 301199?
53, 5683
What are the prime factors of 268236?
2, 3, 7451
What are the prime factors of 36372?
2, 3, 7, 433
List the prime factors of 531671.
7, 151, 503
What are the prime factors of 1969910?
2, 5, 196991
What are the prime factors of 1081261?
89, 12149
What are the prime factors of 3670155?
3, 5, 81559
What are the prime factors of 213896?
2, 26737
What are the prime factors of 27015?
3, 5, 1801
What are the prime factors of 17891?
17891
List the prime factors of 2841432.
2, 3, 11, 47, 229
What are the prime factors of 19785185?
5, 7, 449, 1259
List the prime factors of 1431219.
3, 477073
List the prime factors of 892505.
5, 178501
What are the prime factors of 1940152?
2, 242519
List the prime factors of 334575.
3, 5, 1487
What are the prime factors of 1793613?
3, 547, 1093
List the prime factors of 6970750.
2, 5, 27883
What are the prime factors of 18874373?
7, 197, 13687
List the prime factors of 4482680.
2, 5, 112067
What are the prime factors of 445067?
7, 31, 293
List the prime factors of 3673162.
2, 1836581
List the prime factors of 396602.
2, 198301
What are the prime factors of 92396?
2, 23099
What are the prime factors of 585463?
17, 34439
List the prime factors of 4882079.
587, 8317
What are the prime factors of 6427739?
6427739
What are the prime factors of 2310765?
3, 5, 127, 1213
List the prime factors of 174331.
174331
What are the prime factors of 10859231?
197, 199, 277
What are the prime factors of 11491856?
2, 718241
List the prime factors of 452001.
3, 11, 13697
What are the prime factors of 12389062?
2, 7, 167, 757
What are the prime factors of 3691817?
787, 4691
What are the prime factors of 3546044?
2, 886511
List the prime factors of 594470.
2, 5, 59447
What are the prime factors of 2099286?
2, 3, 7, 16661
List the prime factors of 3354142.
2, 11, 152461
List the prime factors of 68788.
2, 29, 593
List the prime factors of 11086118.
2, 151, 36709
What are the prime factors of 21935258?
2, 347, 31607
What are the prime factors of 518539?
7, 74077
List the prime factors of 1042734.
2, 3, 7, 11, 37, 61
What are the prime factors of 1355301?
3, 150589
List the prime factors of 6905955.
3, 5, 7, 89, 739
List the prime factors of 112739.
11, 37, 277
List the prime factors of 1752045.
3, 5, 116803
List the prime factors of 2612577.
3, 11, 17, 4657
What are the prime factors of 31627801?
31627801
What are the prime factors of 2505660?
2, 3, 5, 41761
What are the prime factors of 138836?
2, 61, 569
What are the prime factors of 9091220?
2, 5, 251, 1811
List the prime factors of 7469284.
2, 1867321
List the prime factors of 726902.
2, 11, 19, 37, 47
List the prime factors of 220051.
13, 16927
List the prime factors of 1736253.
3, 192917
What are the prime factors of 2035903?
17, 119759
What are the prime factors of 673988?
2, 7, 24071
What are the prime factors of 57625?
5, 461
List the prime factors of 10781429.
587, 18367
List the prime factors of 2442362.
2, 13, 93937
What are the prime factors of 8154283?
8154283
What are the prime factors of 296435?
5, 101, 587
List the prime factors of 67644.
2, 3, 1879
List the prime factors of 328764.
2, 3, 27397
What are the prime factors of 13929053?
23, 41, 14771
List the prime factors of 51401.
7, 1049
What are the prime factors of 5486653?
181, 30313
List the prime factors of 3757404.
2, 3, 7, 41, 1091
List the prime factors of 269081.
53, 5077
List the prime factors of 100661.
11, 9151
List the prime factors of 557819.
23, 79, 307
List the prime factors of 885581.
17, 113, 461
What are the prime factors of 362577?
3, 19, 6361
List the prime factors of 740597.
11, 13, 5179
What are the prime factors of 227317?
53, 4289
W